10201100021
28acd3 (base 14) to base 2
101011000111101011001
What is -21220011112010 (base 3) in base 14?
-7b3104
Convert -116345 (base 11) to base 7.
-1364464
-222120112122 (base 3) to base 9
-876478
Convert 77070724 (base 8) to base 10.
16544212
Convert -100201022010221 (base 3) to base 13.
-10b9c7c
What is -37c5e (base 15) in base 12?
-87215
21204332 (base 6) to base 9
1148622
What is 17182601 (base 10) in base 5?
13344320401
Convert -399741 (base 13) to base 6.
-45500053
10111110011001100101100 (base 2) to base 4
113303030230
What is 6456313 (base 7) in base 5?
200143332
e835aa (base 16) to base 9
31564258
Convert 295ad7 (base 14) to base 16.
15ee4d
What is -126828 (base 9) in base 2?
-10010110110100011
What is -1403441203 (base 5) in base 2?
-1101101001011101001110
What is 60651 (base 12) in base 7?
1031266
-39b674 (base 14) to base 11
-113a698
What is -100001110011110001 (base 2) in base 7?
-1114510
What is 4373c (base 13) in base 3?
20012110002
Convert -2101210011 (base 3) to base 14.
-132d5
Convert 12310412 (base 6) to base 7.
3245264
Convert 336edd (base 15) to base 5.
1112003413
Convert -113032300201 (base 4) to base 11.
-348a367
Convert -313231210 (base 4) to base 11.
-1464a1
142050213 (base 6) to base 12
b79969
Convert 2220211021 (base 3) to base 2.
1110000001110111
Convert 313121 (base 4) to base 7.
13223
What is -863410 (base 13) in base 16?
-300cbe
123234 (base 14) to base 7
5204164
What is -2010324 (base 6) in base 3?
-11210221121
Convert -420102413 (base 5) to base 15.
-240458
Convert -633607 (base 8) to base 15.
-426ed
Convert 8ab16 (base 13) to base 14.
67d60
Convert 141015020 (base 6) to base 11.
1676059
-33012301 (base 7) to base 15
-3ac891
554647 (base 8) to base 7
1405403
Convert -6473004 (base 9) to base 11.
-1a62317
Convert a89c44 (base 15) to base 5.
4024010024
What is 26251b (base 12) in base 13?
18c0a4
What is 13546067 (base 8) in base 16?
2ecc37
Convert -42261433 (base 7) to base 14.
-691d53
-31121021012 (base 4) to base 7
-41561504
What is 2221202220100 (base 3) in base 5?
400221234
-450128 (base 10) to base 11
-288208
3e4d0 (base 16) to base 2
111110010011010000
Convert 462660 (base 10) to base 16.
70f44
Convert 2465778 (base 9) to base 5.
320431402
-155a88 (base 13) to base 9
-882667
What is -a6077 (base 15) in base 3?
-222202101011
Convert -12120210101 (base 3) to base 15.
-22887
21745a4 (base 11) to base 10
3812703
Convert 4c2947 (base 13) to base 8.
6775626
a4996 (base 16) to base 8
2444626
9110a (base 11) to base 5
13230411
Convert 34023 (base 9) to base 11.
15aa4
Convert 29886 (base 16) to base 12.
82546
What is -102112201221121 (base 3) in base 10?
-6135955
Convert 126234521 (base 7) to base 2.
11111001000001111100110
657c (base 15) to base 6
243300
-33103a4 (base 11) to base 7
-100260250
Convert -10110212120212 (base 3) to base 4.
-13003012202
3452145 (base 6) to base 8
533601
Convert -113156150 (base 8) to base 12.
-672a520
-576353 (base 10) to base 2
-10001100101101100001
What is 3266216 (base 10) in base 16?
31d6a8
Convert -525481 (base 9) to base 10.
-312409
What is 233133022 (base 4) in base 6?
4100254
43001021 (base 6) to base 14
24b23b
19468 (base 12) to base 10
36944
What is -11444201 (base 5) in base 3?
-12112221012
-157867 (base 9) to base 8
-276602
Convert -3224410412 (base 5) to base 11.
-3974545
Convert -725649 (base 14) to base 3.
-21020221012121
Convert 81144 (base 11) to base 3.
20000201122
-30a4 (base 13) to base 2
-1101001000101
-76cdc (base 16) to base 6
-14232512
What is -3733566 (base 8) in base 4?
-3323131312
What is b0b69 (base 13) in base 6?
10435301
7747783 (base 9) to base 12
148a663
-53246 (base 10) to base 16
-cffe
What is -4352305 (base 6) in base 15?
-44452
-8198a8 (base 16) to base 15
-b2b79e
Convert -505502245 (base 6) to base 8.
-41047065
-819774 (base 10) to base 6
-25323130
Convert 11113031 (base 6) to base 2.
1010010000111001011
What is -10022204 (base 5) in base 15?
-1891e
What is -a1833 (base 13) in base 15?
-5aa51
What is 547a1 (base 12) in base 5?
12033341
7d3d91 (base 15) to base 9
12234471
What is -11a267 (base 14) in base 7?
-5064260
2034122011 (base 5) to base 6
230104204
What is 1a98e (base 16) in base 4?
122212032
-143431123 (base 5) to base 10
-764538
What is -1030231 (base 5) in base 13?
-7cc3
Convert 2814862 (base 9) to base 4.
11321103233
Convert 112221110010 (base 3) to base 16.
47ce2
What is -130434332 (base 5) in base 11?
-3a78a9
33232020132 (base 4) to base 10
4121118
What is 1522127 (base 8) in base 13?
123188
Convert -8b53e (base 15) to base 6.
-13300205
-1202472 (base 8) to base 15
-67748
-36262 (base 9) to base 4
-11323103
b0329 (base 12) to base 5
24303221
9c4c4 (base 14) to base 15
77738
-152414 (base 7) to base 10
-29705
1344765 (base 8) to base 14
9c389
Convert 1100000001100 (base 2) to base 5.
144111
46a33 (base 13) to base 15
28408
-6805683 (base 9) to base 14
-6b5a32
13415002 (base 7) to base 13
348c85
What is -288061 (base 14) in base 6?
-50040405
What is -222202010012000 (base 3) in base 5?
-12114312243
Convert 7f3114 (base 16) to base 11.
4783761
What is 18c67a (base 15) in base 7?
13153012
What is -1100120222221 (base 3) in base 5?
-141022000
What is 12472552 (base 8) in base 9?
5210864
110000011000111000110 (base 2) to base 12
64571a
Convert -101001000010000100 (base 2) to base 14.
-4536c
11a59b (base 12) to base 8
1061707
-2590e (base 16) to base 15
-308d0
-43757 (base 8) to base 16
-47ef
Convert 1111110110000101010010 (base 2) to base 14.
7a1a38
Convert 211166 (base 9) to base 15.
272d9
4120021310 (base 5) to base 14
1178d42
Convert 3507144 (base 11) to base 12.
2077154
What is 101020220122 (base 3) in base 5?
22424434
Convert -21c8a64 (base 13) to base 2.
-100111100111111000101111
What is 2027a21 (base 12) in base 14?
b2c601
What is -19123 (base 14) in base 2?
-1111011101101011
What is -100103320 (base 6) in base 9?
-3152643
-33213302 (base 5) to base 10
-288577
-46451 (base 16) to base 15
-5a435
Convert -36742617 (base 8) to base 10.
-8111503
Convert 145516140 (base 7) to base 9.
20277883
Convert -1531306 (base 7) to base 15.
-4208d
Convert -17830737 (base 9) to base 8.
-42241624
233321333 (base 4) to base 2
101111111001111111
Convert -b1b15b (base 14) to base 13.
-13171b1
-b4089 (base 16) to base 4
-2310002021
33c92 (base 13) to base 3
11210112002
Convert -2032202 (base 4) to base 11.
-6943
What is 72135 (base 8) in base 11?
20421
1100201120122 (base 3) to base 12
2aa3a5
-362d1 (base 16) to base 8
-661321
-210011220001 (base 3) to base 14
-abd12
-1b3673 (base 12) to base 15
-981e3
What is 23034123 (base 5) in base 3?
101102221112
What is 249730 (base 14) in base 11?
788243
-127854 (base 9) to base 12
-39157
Convert 23200110311 (base 4) to base 15.
3e895e
Convert -50032035 (base 6) to base 5.
-324412043
Convert 1388da (base 15) to base 3.
1202202210021
Convert 10101010100111110010011 (base 2) to base 12.
1a575ab
What is -b2521d (base 14) in base 5?
-3014211120
75673d (base 14) to base 16
3ca653
What is 62362 (base 13) in base 9?
287811
What is 1124103 (base 5) in base 4?
11000300
-10440043 (base 5) to base 11
-63a90
What is -10734 (base 16) in base 5?
-4124010
What is 78489 (base 15) in base 6?
12110220
What is bcb906 (base 13) in base 2?
10000111111000100101001
Convert 13130130123 (base 4) to base 13.
534357
Convert -2432255 (base 8) to base 12.
-283091
What is 257090a (base 11) in base 2?
10000111110111001111011
What is 55412140 (base 6) in base 12?
684050
Convert -233322120320 (base 4) to base 14.
-194d33a
-10012111101 (base 3) to base 12
-305a7
What is 119970 (base 10) in base 5?
12314340
What is b27043 (base 14) in base 10?
6012163
2354197 (base 10) to base 4
20332300111
710d (base 16) to base 15
8896
a54c7 (base 16) to base 13
1a923a
Convert 7c343 (base 16) to base 4.
1330031003
What is 129642 (base 11) in base 9?
338518
Convert -4c0c (base 15) to base 4.
-3331110
40355525 (base 8) to base 14
11b75c1
-627d9d (base 14) to base 8
-14537347
What is -8b97 (base 13) in base 16?
-4c67
-11011000100111010 (base 2) to base 4
-123010322
13827b (base 12) to base 2
1001111011001111111
Convert -1021000112011 (base 3) to base 6.
-22204004
-156219a (base 13) to base 12
-236962a
-131113032 (base 4) to base 5
-12322040
What is -51e2b (bas